 base 15, what is 4 + -1695229?
-1695225
In base 6, what is 5 - 354424021?
-354424012
In base 12, what is -6 + -b88637?
-b88641
In base 11, what is 4a0081 - 2?
4a007a
In base 13, what is 11 - -1447c0?
144801
In base 8, what is -250500 - -110?
-250370
In base 3, what is -100 - -12110210110211011?
12110210110210211
In base 14, what is -497 + 310d9?
30a42
In base 15, what is 20ed69 + -9?
20ed60
In base 4, what is 132123322232100 - 11?
132123322232023
In base 11, what is -131242791 - 5?
-131242796
In base 10, what is -8816807 + 4?
-8816803
In base 14, what is -89d9 + -155?
-8b50
In base 7, what is 5214 - -2165520?
2204034
In base 16, what is 12c4 + -2bb?
1009
In base 7, what is 2633054 - -12?
2633066
In base 9, what is 3530 + 2734?
6364
In base 2, what is -11001110111110001010 + -1111?
-11001110111110011001
In base 15, what is -2a + -1d1c18?
-1d1c43
In base 10, what is -932907 - -305?
-932602
In base 11, what is -73823 + 18?
-73806
In base 13, what is -122 - 467c?
-47a1
In base 9, what is 261485 - 1?
261484
In base 6, what is -22353032 + -35?
-22353111
In base 7, what is -6233 - 3521?
-13054
In base 12, what is 2 + -667b88?
-667b86
In base 10, what is -2722 - -6865?
4143
In base 5, what is 2032012 - -3033?
2040100
In base 14, what is c07a - -11d07?
1dd83
In base 9, what is 11882 - -37171?
50163
In base 13, what is 8ba - 84b9?
-78cc
In base 7, what is -3 + 1531226510?
1531226504
In base 14, what is -9226b - -23?
-92248
In base 3, what is 110210222 - 10112010?
100021212
In base 12, what is 2326 + -24311?
-21ba7
In base 10, what is 2164 - -7006?
9170
In base 15, what is -12088d7 - -3?
-12088d4
In base 4, what is -22001320 + -10003?
-22011323
In base 4, what is 112200 + -101120?
11020
In base 6, what is -101340503210 - 3?
-101340503213
In base 9, what is -81 + -1161576?
-1161667
In base 15, what is 452ac3 + -3?
452ac0
In base 13, what is -89ba + 16a7?
-7313
In base 4, what is 1 + -21313023122?
-21313023121
In base 15, what is -2 - -3b7e9e?
3b7e9c
In base 2, what is 1101001110000000 - -10101100?
1101010000101100
In base 11, what is -27434 + -65?
-27499
In base 2, what is 10001100010001001000 + -10?
10001100010001000110
In base 14, what is d - 7d2240?
-7d2231
In base 8, what is -1132 + 76307?
75155
In base 13, what is -570b + -2c8?
-5a06
In base 15, what is 33 + -e887?
-e854
In base 9, what is -2246201 + 745?
-2245345
In base 8, what is 0 + -63656751?
-63656751
In base 6, what is 3405 + -141?
3224
In base 14, what is -123 - -5d6c?
5c49
In base 8, what is -34617272 - 1?
-34617273
In base 13, what is -157 - -6833?
66a9
In base 2, what is -10110010010001101010111001011 + 0?
-10110010010001101010111001011
In base 4, what is 10310 - -20223130221?
20223201131
In base 2, what is 1010 - -1010110111001100101?
1010110111001101111
In base 3, what is -100202210 - -12201002?
-11001201
In base 3, what is 11222121200 + -110?
11222121020
In base 16, what is 146ab + 19f?
1484a
In base 15, what is 3a2d64 - bd?
3a2c96
In base 9, what is 1400 - 464622?
-463222
In base 3, what is 2220221010200 - 11?
2220221010112
In base 9, what is 5 + -20122572?
-20122566
In base 14, what is 68b - 14ca?
-c3d
In base 12, what is 738586 + 116?
7386a0
In base 15, what is -278 - -ab600?
ab377
In base 7, what is 4 - 46216623?
-46216616
In base 7, what is -3 + 205661653?
205661650
In base 14, what is 4a9c3 - 2c?
4a995
In base 4, what is 133 + -3033022221?
-3033022022
In base 13, what is 4 + -2678222?
-267821b
In base 8, what is 41 + -6302214?
-6302153
In base 16, what is -1d8980 + -2?
-1d8982
In base 10, what is -67 + 230402?
230335
In base 15, what is -3 + 54db2?
54dae
In base 13, what is 6 - -1698135?
169813b
In base 16, what is 427 + -3aa7?
-3680
In base 13, what is -b - 1782430?
-178243b
In base 5, what is 22240423041 - -21?
22240423112
In base 12, what is -2 + 1150492a?
11504928
In base 11, what is -33a5277 + 4?
-33a5273
In base 2, what is 1 - -1101000000111101001101?
1101000000111101001110
In base 16, what is -128 - -16f18?
16df0
In base 13, what is 4c - 744b1c?
-744aa0
In base 8, what is -25067507 + -7?
-25067516
In base 14, what is 57a2c + -11b?
57911
In base 6, what is -10054103502 + -3?
-10054103505
In base 8, what is -720015707 - -6?
-720015701
In base 11, what is -703a - 7467?
-134a6
In base 13, what is 87143244 - -5?
87143249
In base 7, what is -335 + 4026031?
4025363
In base 3, what is -100211 + -201120000?
-201220211
In base 5, what is -1424344200 + -10?
-1424344210
In base 5, what is 11202 + -10221?
431
In base 2, what is 100110111 - 110001101101110111?
-110001101001000000
In base 6, what is -2205541 - 1201?
-2211142
In base 2, what is 1011 + 1111010100010100000?
1111010100010101011
In base 3, what is -11000020110101 + 1121?
-11000020101210
In base 9, what is -16535 + 5745?
-10680
In base 10, what is -5 + 10616079?
10616074
In base 4, what is 20 + -31010101222?
-31010101202
In base 6, what is 31000210 + 142?
31000352
In base 12, what is -36 + 91a824?
91a7aa
In base 7, what is -401 - 4416003?
-4416404
In base 12, what is 5a265 - 2403?
57a62
In base 5, what is 123114103114 - 2?
123114103112
In base 16, what is bd - d4031?
-d3f74
In base 8, what is -23523246 - 121?
-23523367
In base 12, what is 120 + 1b1bb77?
1b20097
In base 12, what is -2430a + 915?
-235b5
In base 14, what is -667 - ca9?
-1532
In base 13, what is 4ab62 + -253?
4a90c
In base 11, what is -35 - -9925?
98a0
In base 10, what is 202319 - -12?
202331
In base 10, what is -20974 - 9325?
-30299
In base 15, what is 9 + 2631d7d?
2631d87
In base 4, what is 31302322 + -10001?
31232321
In base 5, what is -22213 - 4132430?
-4210143
In base 6, what is 2353 - 5401050?
-5354253
In base 2, what is -1001111001 + 111110010000000?
111101000000111
In base 13, what is -4 - 3937144?
-3937148
In base 3, what is 1211000100002222 - 10?
1211000100002212
In base 4, what is -102010132 - 33302?
-102110100
In base 13, what is 99 - -48b149?
48b215
In base 3, what is 212221021112112 + 10?
212221021112122
In base 14, what is 3 - -753083?
753086
In base 7, what is -102553021 + -32?
-102553053
In base 10, what is -11255 - -779?
-10476
In base 9, what is -10023512 - 2?
-10023514
In base 16, what is -10eb84 + -1?
-10eb85
In base 2, what is 1000011110100011 + 1001010011?
1000100111110110
In base 6, what is 0 + -113101402?
-113101402
In base 16, what is -5 - -2f64489?
2f64484
In base 14, what is -334a46 + -b?
-334a53
In base 5, what is 112 - 11021341?
-11021224
In base 11, what is -4 + 1880060?
1880057
In base 16, what is -43e7 + d5?
-4312
In base 10, what is 32241958 - 0?
32241958
In base 7, what is 1152 + -166011?
-164526
In base 14, what is 268c0 - -53?
26933
In base 13, what is b04c + b1a?
bb69
In base 7, what is 305 + 14364432?
14365040
In base 15, what is 0 - 915db1?
-915db1
In base 15, what is -4 + -2d01582?
-2d01586
In base 2, what is 1000110001111 + 110101101111?
1111011111110
In base 2, what is -11010 - -10010011011011000000?
10010011011010100110
In base 16, what is 1bf0 + -2513?
-923
In base 2, what is 0 + 1100101001011001111011?
1100101001011001111011
In base 4, what is 10010322 + 312023?
10323011
In base 3, what is -122201012201000 + 2111?
-122201012121112
In base 12, what is 157a - 2294?
-916
In base 8, what is 21 - 637557?
-637536
In base 12, what is 3501a + 1810?
3682a
In base 10, what is 44 + 3965270?
3965314
In base 2, what is 110111000000100111100011 + 0?
110111000000100111100011
In base 16, what is cf - -413f3?
414c2
In base 15, what is -1e1 + -359d?
-378e
In base 6, what is -1 - 121543034?
-121543035
In base 13, what is -301729 - 5b?
-301787
In base 4, what is 1113033312 + 301?
1113100213
In base 9, what is 10018327 + 5?
10018333
In base 2, what is -11101001010100 - -101001100001?
-10111111110011
In base 14, what is 1b7 - -22bb7?
22d90
In base 4, what is 12002130131 + -102?
12002130023
In base 7, what is 3324 + 12321?
15645
In base 16, what is -5d + -6cfc?
-6d59
In base 9, what is 3138 + -4033?
-784
In base 2, what is 100 + -100111110111100000101011000?
-100111110111100000101010100
In base 8, what is 301101 + 230?
301331
In base 10, what is 32 + -464819?
-464787
In base 12, what is -8 + 2a88b?
2a883
In base 13, what is 1257a9355 + -5?
1257a9350
In base 13, what is 8b7 + 1124?
1a0b
In base 10, what is -3395176 + 23?
-3395153
In base